(x) = -2*x**2 + 29*x + 18. Let n be z(10). Suppose n = 6*g - 12. Calculate the highest common factor of 115 and g.
5
Let l = -587 + 4347. Calculate the highest common divisor of 10 and l.
10
Suppose v = r - 2, 5*v - 2*r - 25 = -4*r. Suppose 4*q - 210 = -2*t, -2*t = 2*q - v*t - 115. Calculate the greatest common divisor of 5 and q.
5
Suppose -y = -13*y + 204. Suppose y*x - 838 = 539. What is the highest common factor of 81 and x?
81
Suppose -15*u + 9*u = -414. Let m(d) = 21*d**2 - d - 1. Let h be m(-2). Let t = h - u. Calculate the highest common divisor of 176 and t.
16
Let m(v) = 172*v + 5534. Let q be m(-32). Let n = -291 + 801. What is the greatest common divisor of q and n?
30
Let s(c) = c**3 - 62*c**2 + 73*c - 1716. Let n be s(65). Calculate the greatest common divisor of n and 104.
104
Let p be (508/(-14) - 0)/((-53532)/(-2142) + -25). What is the greatest common divisor of p and 51?
17
Let w(p) = -49*p - 27. Let g be w(-14). Let y = 679 - g. Let q be 3/((6/10)/3). Calculate the highest common factor of q and y.
5
Suppose 5127 = 17*g - 75. Let d be (117/52)/(1/8). Calculate the highest common factor of g and d.
18
Suppose -47 = 3*p - 3*f - 179, 0 = -3*f - 9. Let d be (56/(-70))/(2/40). Let l = d + p. Calculate the greatest common divisor of l and 75.
25
Let q be ((-432)/180)/(15/(-8900)). Calculate the highest common factor of q and 128.
16
Let b be ((-11913)/22)/19*-66. What is the greatest common divisor of 855 and b?
171
Let c be 2712/(-3390) - 44/(-5). What is the greatest common factor of 41368 and c?
8
Suppose 0 = -16*x + 32. Suppose 2*q + 3*z = -x*z + 59, -3*z = -9. What is the greatest common divisor of q and 198?
22
Let l(g) = 11047*g - 192. Let m be l(1). Calculate the highest common divisor of 65 and m.
65
Let a = -16314 - -17100. Calculate the greatest common factor of a and 222.
6
Let r(v) = 132*v - 2506. Let y be r(19). Calculate the highest common factor of y and 3214.
2
Let s = 8 - 3. Let r be (4/10)/(2/s) + 2. Suppose 2*i = -2*i + r*x + 198, i - 57 = -3*x. Calculate the greatest common factor of 3 and i.
3
Let u be 12/3*308/112. Suppose 5*y - 2*s - 31 = 0, -u*s - 15 = -6*s. What is the highest common factor of y and 5?
5
Suppose 2*t = -4*i + 2960, -2*t = -5*i - 1782 - 1196. What is the greatest common factor of t and 28?
28
Let p = 7377 - 4365. What is the greatest common factor of 12 and p?
12
Let h be ((-133)/(-21) - 6)/((-19)/(-171)). What is the highest common divisor of 288 and h?
3
Suppose -i = 175*w - 178*w - 649, 0 = 5*w. Calculate the highest common factor of 472 and i.
59
Let f be 96/112 + 7626/21. What is the greatest common divisor of f and 896?
28
Suppose -2*m - 8 = -4*m. Let f(o) = -o**3 + 20*o**2 + 45*o + 32. Let w be f(22). Suppose m*k - w = k. What is the highest common divisor of 54 and k?
18
Let n(t) = 16*t - 416. Let g be n(27). Let u be ((-6)/5)/((-10)/1200). Calculate the highest common factor of u and g.
16
Let i be (0 - (-14)/2) + -4. Let f = -11 - 47. Let n = f + 61. Calculate the highest common divisor of n and i.
3
Suppose 50*f - 835 + 735 = 0. Suppose -q + 8 = q. Suppose -j = q*k - 29, 3*j = f*k + j - 12. Calculate the greatest common factor of k and 21.
7
Suppose 0*o = 3*o - 165. Suppose -26*z = -21*z + 205. Let a = 46 + z. What is the highest common factor of a and o?
5
Let y = -117 - -205. Let u = -73 + y. Suppose -r = 3*r - 480. Calculate the greatest common divisor of u and r.
15
Let c(j) = -j**3 + 2*j**2 + 54. Let h be c(0). Let f be 198/(0 - -1) + -52 + h. What is the highest common divisor of f and 40?
40
Let a = 4 - 1. Let t = 7 + a. Let y be ((-24)/10)/(((-238)/(-85))/(-7)). Calculate the highest common divisor of t and y.
2
Suppose -442*x - 341*x = -154*x - 1075590. What is the greatest common divisor of x and 1215?
45
Let o(g) = 4*g + 10. Let r = 85 + -106. Let v be (-2 + r/(-6))*2. Let f be o(v). Calculate the highest common factor of 66 and f.
22
Suppose -27*c + 22*c + 2*b = -88, -3*c = -b - 52. Let n = 91 - 43. Calculate the highest common factor of c and n.
16
Let z = -23 - -42. Suppose -1745*f + 1368 = -1727*f. Calculate the greatest common factor of z and f.
19
Let j be (-2 + 2/8)/(434/(-253456)). Calculate the highest common divisor of j and 70.
14
Suppose -a + 298 = 3*g, 2*g + 41 - 241 = -2*a. What is the greatest common factor of 176 and g?
11
Let p be ((-441)/18)/(50/(-25500)). Calculate the greatest common divisor of 510 and p.
255
Let m(i) = 6*i - 12. Let r be m(5). Let y = -1068 + 1644. Calculate the greatest common factor of y and r.
18
Suppose -134*c - 1781 + 15028 = 1991. What is the greatest common divisor of c and 2394?
42
Suppose -2*f + 26*y + 75 = 13*y, 0 = -2*f - 2*y. Calculate the highest common factor of 38575 and f.
5
Let s(v) = -v**3 + 7*v**2 + 3*v - 19. Let f(z) = 2*z - 59. Let i be f(26). Let j be s(i). Calculate the greatest common factor of j and 34.
34
Suppose 3*r - 283 = w, -4*r + 183 = 5*w - 169. Suppose -6*d + r = 21. Calculate the greatest common factor of 96 and d.
12
Let a be 3/(-9) - (-338)/6. Suppose a + 154 = 6*f. Let b(u) = -u**2 + 9*u - 9. Let o be b(7). Calculate the highest common factor of f and o.
5
Suppose 0 = 11*a - 12*a + 5*d + 550, 1718 = 3*a + 2*d. Calculate the highest common factor of 90 and a.
30
Let f be (-64)/(-6)*360/(-96)*122/(-8). Calculate the highest common divisor of 2806 and f.
122
Let r be (-4959570)/(-792) + 4/(-48). What is the highest common divisor of r and 62?
62
Let x(g) = -g**2 + 5*g - 2. Let u be x(4). Let z(i) = -i**2 + 965. Let f be z(-31). Calculate the highest common divisor of u and f.
2
Suppose 18 = -2*g + 34. Suppose g*f - 11*f + 12 = 0. Let d be 4/6 + 4/12. Calculate the greatest common factor of d and f.
1
Suppose 94161 + 80965 = 36*x + 46498. Calculate the highest common divisor of 72 and x.
9
Suppose -72*o + 8568 = 30*o. What is the greatest common factor of 6132 and o?
84
Suppose 24*m + 24 = -48. Let x be (-18)/(-3) + (-2 - -1 - m). Suppose -3*l - 404 = -4*o, 2*o + 0*o + 2*l = 216. Calculate the highest common divisor of o and x.
8
Let p be 4 - (0 + -3)*(-40)/(-60). Suppose -8*o + p*o = -696. What is the greatest common factor of 435 and o?
87
Let j be 586/7 + 6/21. Suppose -4*z + 0*z = -3*p + j, z + 27 = p. Calculate the highest common factor of 48 and p.
24
Let q be (-34)/(-4) - (-22)/44. Suppose 0 = 3*z - q, 10*k + 2*z + 1182 = 13*k. Calculate the greatest common divisor of k and 36.
36
Suppose 0 = -5*z + 2*q + 29, 4*z - 5*q - 38 = -8. Suppose -y = z*j - 21, 0 = -y - 4*j + 5*j + 3. What is the highest common divisor of 54 and y?
6
Let i = -2708 - -2869. What is the greatest common factor of i and 92?
23
Let m(b) = -5*b**3 - b - 2. Let i be m(-1). Suppose 29 = -5*a + i, 3*k - 4*a = 164. Let q be (-62)/(-10) - 1/5. Calculate the greatest common factor of q and k.
6
Let h be 8/(-48) - ((-1)/6 + -4). Let y be (9/(-9))/((0 + h)/(-212)). What is the highest common factor of 53 and y?
53
Suppose 17243*h - 17254*h = -12144. Calculate the greatest common factor of h and 138.
138
Let p = -6625 - -6669. What is the greatest common divisor of p and 880?
44
Suppose -v + 27206 = 5*n, -2*n + 589*v = 586*v - 10896. What is the greatest common factor of n and 6?
6
Suppose -4021 = -19*u + 2534. Let b = -18 + 33. Calculate the highest common factor of u and b.
15
Let a = 2265 + -2069. What is the greatest common divisor of a and 8?
4
Suppose r - h + 1222 = 315, 927 = -r + 5*h. Let v = -822 - r. What is the highest common divisor of v and 208?
16
Let q(y) = y**3 + 22*y**2 - 113*y - 202. Let r be q(-26). Calculate the greatest common factor of r and 23.
1
Suppose -4*q = -631 - 69. Let w be (-24)/60 + 2655/75. What is the greatest common divisor of q and w?
35
Suppose b - 7*t - 9922 = -11*t, 0 = -2*b - 4*t + 19828. What is the highest common factor of b and 156?
78
Let g(i) = 6*i - 120 + 35 - 35. Let x be g(25). Calculate the greatest common divisor of 240 and x.
30
Let h be ((-98)/(-6))/(11/(-176))*(-93)/62. Calculate the highest common factor of h and 80.
8
Let v(b) = -2740*b**2 - 4*b**3 + 17 + 3*b**3 + 2753*b**2 - 29*b. Let h be v(9). What is the greatest common divisor of h and 20?
20
Suppose -80*f + 66*f = -2016. Let c = -144 - -68. Let s be (1 + c)*(f/20)/(-6). Calculate the greatest common factor of 6 and s